t is y(-1)?
4
Let d(y) = 11*y + 5. Let g = 870 + -873. Determine d(g).
-28
Let p(a) = a**2 - 7*a + 3. Suppose 2*g - 4*s - 5 = 1, -g + 17 = 5*s. Let r be p(g). Let o(t) = 2*t**2 - r*t**2 + 1 - 2*t + 2*t. Give o(-3).
-8
Let t(w) = 23*w**2 - 10*w + 49. Let d(b) = -7*b**2 + 3*b - 16. Let k(y) = 13*d(y) + 4*t(y). Give k(0).
-12
Let o(j) be the second derivative of j**5/20 + j**4/4 - 5*j**3/6 + 2*j**2 - j + 42. Calculate o(-5).
-21
Let q(o) be the first derivative of 3*o**2/2 + 2*o + 2. Let u(l) = -l**2 - 6*l - 3. Let z be u(-4). Let i be ((-24)/20)/((-2)/z). Determine q(i).
11
Let g(r) = -14*r**3 + 6*r**3 + 6*r**3 + 3*r**3 + 27 - r**2. Calculate g(0).
27
Let o = -57 + 85. Suppose 4*v + o = 11*v. Let i(z) = z - z**2 + 2*z + 2 + 0. Determine i(v).
-2
Let g = -7 - -7. Let q(h) = -7*h**3 + 6*h**3 - 6*h + 7*h**2 + g*h**3. What is q(6)?
0
Let w be 26/4 - (-27)/54. Suppose 1 = -2*j + w. Let g(y) = 3*y**2 + 8*y - 17. Let v(p) = -p**2 - 3*p + 6. Let s(h) = -4*g(h) - 11*v(h). Determine s(j).
-4
Suppose 2*u - 25 = -3*u. Let c(a) = -7 - u + 8*a**2 + 3*a**3 - 2*a**3 - 2*a. Let n be c(-8). Let h(o) = -o**3 + 4*o**2 + o - 4. Determine h(n).
0
Suppose -2*s + 18 = 12. Let m(o) = 4*o**2 + 91 - 51 + o**s - 46 - 8*o. Calculate m(-5).
9
Let d(m) = -m**2 + 4*m - 11. Let h(f) = 6*f + 50. Let x be h(-7). Determine d(x).
-43
Suppose -8*u = -11*u. Suppose u*d - 12 = 2*d. Let c be (-2)/d + 10/(-3). Let j(f) = 2*f**2 + 5*f + 2. What is j(c)?
5
Let c(j) be the third derivative of 0*j**3 - 1/6*j**4 + 0*j + 12*j**2 + 0. Determine c(-1).
4
Let t(k) = k**2 - 7*k - 5. Suppose -2*m = -i, 0 = m + 8*i - 13*i. Determine t(m).
-5
Let k(q) = 2*q + 4. Let l(p) = -2*p**2 + 7*p - 8. Let h(r) = -r**2 + 7*r + 11. Let j be h(8). Let i be l(j). Calculate k(i).
-6
Let p = -14 + 17. Let m(a) = 2 + 2 - 36*a**p + 8 + 37*a**3. Determine m(0).
12
Suppose -95 = 33*n - 128*n. Let y(k) = -14*k + 8. What is y(n)?
-6
Let q(a) = -a - 6. Let j be q(-8). Let g = -2 + j. Let k(v) = 3 - 52*v + g*v**3 - v**2 + v**3 + 51*v - 2. Determine k(2).
3
Let m(t) = 25 - 56*t**2 - 52 + 52*t**2 + t**3 + 23. Give m(3).
-13
Let x(u) = -u**3 + 9*u**2 - 8*u - 9. Suppose -11*a = -9*a. Suppose 6*m - 4*m - 16 = a. Suppose m*t - 40 = 3*t. Determine x(t).
-9
Let k(j) be the third derivative of j**5/60 - j**4/4 - j**3/6 + 32*j**2. Determine k(7).
6
Let d(t) = -t**3 - 6*t**2 - 7. Let h(j) = j**3 - 20*j**2 + j - 15. Let q be h(20). Suppose 0*o = -4*p - 5*o - 4, 2*p + q*o = 8. Give d(p).
-7
Let h(c) be the second derivative of c**3/6 + 3*c**2 + c. Let m be h(-7). Let g(o) = o + 2. Let w(t) = -8*t - 9. Let k(r) = -4*g(r) - w(r). Determine k(m).
-3
Let n(w) = -3*w + 6. Let p be (-2)/2 - 14/2. Let v(o) = -12*o**3 - 7*o**2 + 7*o - 1. Let b be v(1). Let u = p - b. Calculate n(u).
-9
Let d(r) = r**2 + r + 5. Let y(n) = -n**2 + 4*n - 5. Let g be y(5). Let s = -10 - g. Give d(s).
5
Let s(a) be the third derivative of -1/4*a**4 + 0*a + 0 + 10*a**2 - 1/60*a**5 + 0*a**3. Give s(-6).
0
Let z(d) be the third derivative of -1/60*d**5 - 42*d**2 + 2/3*d**3 + 0 + 0*d - 1/4*d**4. Suppose 5*j = 3*j - 8. What is z(j)?
12
Let q(z) = z**2 + 6*z - 7. Let h(x) = x**2 - 2*x + 1. Let g be h(4). Suppose -52*u - 25 = -57*u. Suppose -3 = -2*l + u*d, -4*l = -4*d + 21 - g. Give q(l).
-7
Let t(m) = m - 5. Let d(v) = 6*v**3 - 2*v**2 + 2*v - 1. Let i be d(1). Suppose 0*h + i*r = h - 20, -5*r - 5 = 2*h. Give t(h).
0
Let m(u) = 26*u**2 + u**3 - 8 - 2*u**3 - u + 34*u**2 - 66*u**2. Let z(x) = -6*x. Suppose -3*d - 4*g + 9 = 2*d, 3 = -2*d + 5*g. Let k be z(d). Give m(k).
-2
Let y(m) = 14*m + 20. Let x(g) = 3 - 1 + 0 + 11 + 9*g. Let o(d) = -8*x(d) + 5*y(d). Let r be o(0). Let z(s) = -2*s - 2. Determine z(r).
6
Suppose -2*k = 3*r + 4, k + 11*r - 10*r = -2. Let o(i) = i**2 + 2*i + 1. Calculate o(k).
1
Let d(z) = z + 1. Let w = 40 + -35. Suppose -2*o = 1 + 7, 4*p = w*o + 28. Suppose 5 = -p*x - 7. Give d(x).
-5
Let y = -357 + 373. Let b(o) = o**2 - 2*o. Let x be b(4). Let q(v) = y - 9 - x + 2*v. Determine q(-1).
-3
Let z(f) be the first derivative of -2*f**3 + f**2/2 - 44. Let c(s) = s**3 + 6*s**2 + 5*s + 1. Let n be c(-5). Determine z(n).
-5
Let r(o) = 38*o - 1181. Let i be r(31). Let k(s) = s**2 + 7*s + 5. Let p(c) = -c**2 - 7*c - 4. Let q(l) = -2*k(l) - 3*p(l). What is q(i)?
-10
Suppose 2*u = 3*m + 9, -m = 3*u + 4*m - 61. Suppose 4*q + 3*h = -0*q - u, 3*q + 2*h = -9. Let l(z) = -3*z - 3. Calculate l(q).
6
Let h(b) = -b**2 + 1 - 330*b**3 + 598*b**3 - 326*b**3. What is h(-1)?
58
Let x = -1454 - -1458. Let z(p) be the third derivative of -1/3*p**3 - 1/8*p**x + 0*p + 4*p**2 + 0. What is z(3)?
-11
Let t(g) = -g + 2. Let f(r) = 3*r - 3. Let b be f(2). Suppose b*v + 2 = -1. Let l be v - 8/(0 + -2). Determine t(l).
-1
Let t(y) = -30*y**3 - 1 + 0*y**3 - 2*y + 29*y**3. What is t(-1)?
2
Let m(g) = -2*g**3 + 8*g**2 + 10*g - 1. Let i(y) = -y**3 + y**2 + y - 1. Let w(d) = 4*i(d) - m(d). Determine w(-2).
9
Suppose s + s + 4 = 2*g, -2*g = 2*s + 16. Let x(n) be the second derivative of n**3 + 0 + 1/12*n**4 + n + 5/2*n**2. Determine x(s).
0
Suppose -5*w = -2*w - 6. Suppose -28*c + 29*c = 2. Let s(b) = 2*b**2 + 4 - c*b**w + 18*b**3 - 5. Give s(-1).
-19
Let x = -21 - -12. Let s(w) = w**2 + 6*w + 11. Let n(t) = t - 2. Let r(k) = 4*n(k) + s(k). Calculate r(x).
-6
Let w(h) = -h**2 + 3*h + 5. Let y be -11 - 3*(-4)/(-12). Let b = 13 + y. Suppose 4*z = -3*v - 2*v - 9, -b = z + v. What is w(z)?
1
Let b(u) = -536*u**2 + u**3 + 7 - 4*u + 530*u**2 - 2*u**3. Calculate b(-5).
2
Let n = 1 + 0. Let m(j) be the second derivative of j**4/2 - j**3/3 + j**2/2 + 228*j + 3. Calculate m(n).
5
Let k = 3 - 3. Let s be k - (1 - 2)*6. Let o(x) = -7*x**3 + s + x**2 - x - 5 + 0*x. Give o(1).
-6
Let k(s) = 8*s + 10*s + 6 - 21*s. Suppose 3*w + 51 = 15. Let z = -8 - w. Determine k(z).
-6
Let i(b) = b**2 - 7*b + 10. Let u = 24 - 21. Let d be i(u). Let j(a) = 2*a + 3. Calculate j(d).
-1
Suppose -2*i + 4*i = 8. Let y(w) = -4*w - 5. Let r(h) = 9*h + 13. Let k(g) = 2*r(g) + 5*y(g). Determine k(i).
-7
Let f(c) = 29*c - 7. Let n(l) = -13*l + 4. Let k(w) = -3*f(w) - 5*n(w). What is k(1)?
-21
Let p(r) = -19*r + 7. Let m(t) = 32*t - 13. Let x(j) = 3*m(j) + 5*p(j). Calculate x(-5).
-9
Suppose -v + 4 = 4*z, -14*v + 10*v = -z + 1. Let p(f) be the second derivative of -1/6*f**4 + 1/3*f**3 + v - 6*f - 1/2*f**2. Give p(1).
-1
Let j(v) = v**2 - 7*v + 3. Let u be 8/6*27/6. Suppose u*r - 4*r = 6. Suppose -2*h - 6 = -r*h. What is j(h)?
-3
Let t(n) = n**3 + 6*n**2 + 2*n. Let w = 8 - 3. Suppose -5*o = w*p - 4*o + 26, 3*p = 3*o - 30. Determine t(p).
-12
Suppose -2*v + 4*o = -30, 5*o - 2 = -v - 22. Let j(g) = -g**2 + g - 3. What is j(v)?
-23
Let z(m) = -36*m - 35. Let k(o) = 9*o + 8. Let i(r) = 26*k(r) + 6*z(r). What is i(1)?
16
Let y = -65 + 58. Let w(n) = -3*n**2 + 11*n + 7. Let x(a) = 4*a**2 - 17*a - 10. Let d(c) = 7*w(c) + 5*x(c). Give d(y).
6
Let d(q) = -5*q - 1. Let v(m) = -20*m - 5. Let r = -59 - -68. Let n(a) = r*d(a) - 2*v(a). Calculate n(1).
-4
Let a(f) = 3*f + 1. Let x be ((2*-5)/1)/(-2). Suppose -3*u = -4 + 16, 2*q + 22 = -x*u. Let c be (q/(-2))/((-6)/12). What is a(c)?
-2
Let f(l) = -l**2 + 3*l + 3. Let b(n) be the first derivative of 2*n**3/3 - n**2/2 + 4. Let y be b(-1). Suppose -2*a - y*a = 10. Give f(a).
-7
Let k(h) be the second derivative of -h**4/2 - h**3/3 - 2*h**2 + 29*h. Let n(j) = j**3 - j**2 - j + 1. Let r(o) = k(o) - n(o). Calculate r(-4).
-17
Let c = 0 + 15. Suppose 5*t - 3*z + 10 = 0, -5*t = 5*z - 3*z - c. Let h(b) be the second derivative of b**4/12 - b**2/2 - 2*b. Give h(t).
0
Let u(o) = -4*o - 8. Let j(z) = -z**3 + 21*z**2 - 53*z - 25. Let w be j(18). What is u(w)?
20
Let t(i) be the third derivative of i**4/12 - i**3/2 + i**2. Let j be t(9). Suppose 0 = 3*z + 2*z + j. Let k(p) = -p - 1. Determine k(z).
2
Let a be 4*(-4 - 15/(-6)). Suppose 2*d - 5 = -11. Let t(o) = 2*o**2 - 8*o + 8. Let n(b) = -3*b**2 + 9*b - 8. Let s(u) = d*n(u) - 4*t(u). Determine s(a).
-2
Let n(f) be the second derivative of -f**4/12 + f**3/6 + f**2/2 + 22*f. Let d = -7 - -5. Calculate n(d).
-5
Let o(f) = f**2 + 9*f + 9. Suppose 350*t - 28 = 354*t. Calculate o(t).
-5
Let q(g) be the second derivative of -g**4/12 - g**3/6 + 3*g**2/2 + 74*g. Calculate q(-6).
-27
Let d be (20/35)/(2/(-7)). Let h(v) = -v**3 - v**2 - v. Let y(l) = -3*l**3 + 2. Let o